base 4
13133012
-21301120 (base 4) to base 12
-1b1b4
What is 30443045 (base 7) in base 4?
21232030223
Convert 355504 (base 8) to base 16.
1db44
Convert 4481257 (base 9) to base 10.
2415391
-114088a (base 11) to base 5
-1002222432
Convert 23166b (base 12) to base 5.
121000142
Convert -d9b50 (base 14) to base 16.
-807fa
Convert -202011221111 (base 3) to base 8.
-1407720
-1d8693 (base 14) to base 2
-100000010111010001001
Convert 110666425 (base 7) to base 11.
3870241
What is -113123344 (base 5) in base 11?
-326049
What is -4513231 (base 6) in base 11?
-145a54
-12101302132 (base 4) to base 6
-55135034
Convert -1016524 (base 8) to base 15.
-54d6c
What is 113100011 (base 4) in base 16?
17405
-246207a (base 11) to base 13
-b6a21b
What is 26cd (base 16) in base 2?
10011011001101
1101010111101001011010 (base 2) to base 8
15275132
100011011100101010011 (base 2) to base 4
10123211103
Convert 4604215 (base 7) to base 12.
237674
-177 (base 10) to base 4
-2301
Convert 1406811 (base 9) to base 12.
313191
110182 (base 12) to base 7
2202422
What is 42c388 (base 14) in base 10?
2261764
-7a8087 (base 15) to base 10
-5849002
3450b3 (base 14) to base 9
3314073
Convert 3504764 (base 8) to base 13.
2748cb
-12e214 (base 15) to base 10
-908344
Convert -203138 (base 9) to base 2.
-11101011001010001
Convert -5466856 (base 9) to base 10.
-2937840
-1014724 (base 8) to base 13
-95437
What is 328320 (base 10) in base 16?
50280
Convert -b2d1 (base 15) to base 16.
-938b
What is 13210414 (base 5) in base 11?
90186
-32304452 (base 6) to base 12
-3a2128
What is 105515011 (base 7) in base 8?
30444365
124997 (base 12) to base 5
34024002
What is 13333550 (base 6) in base 15?
8cb03
-3020526 (base 7) to base 14
-94686
What is 100000011111001 (base 2) in base 10?
16633
What is 252371 (base 8) in base 14?
23b4d
Convert -1000001010010001 (base 2) to base 12.
-17415
What is 16445 (base 16) in base 9?
148088
What is 447d9 (base 15) in base 16?
352b3
Convert 2002001210102 (base 3) to base 8.
4153303
Convert 59c16 (base 14) to base 6.
4410324
Convert c447db (base 16) to base 5.
11243112301
What is -80835 (base 10) in base 3?
-11002212220
-1331121 (base 6) to base 3
-10202200211
Convert -12212210022221 (base 3) to base 4.
-23323003120
What is 93683 (base 10) in base 13?
33845
What is 244441 (base 7) in base 11?
30741
What is -88730 (base 9) in base 12?
-2a116
What is -1bb00 (base 13) in base 5?
-3221322
What is 2d624 (base 15) in base 4?
203301031
What is 45ba64 (base 13) in base 15?
22a0b1
Convert -22473150 (base 8) to base 11.
-2833442
-1654c8 (base 14) to base 3
-1110210002000
Convert -15107551 (base 9) to base 7.
-120534550
-11434034 (base 5) to base 15
-222ce
What is 1613012 (base 7) in base 15?
45b55
Convert 256447 (base 12) to base 3.
1011002222101
Convert -3135475 (base 9) to base 12.
-68a658
12202222022 (base 3) to base 13
3c9a7
-28491d (base 14) to base 12
-57387b
1441412040 (base 5) to base 14
725945
What is -6b1a1 (base 15) in base 13?
-bc431
Convert 701037 (base 10) to base 11.
439777
442310 (base 6) to base 16
8fe2
What is 1010001210001111 (base 3) in base 12?
542681a
Convert -53150254 (base 6) to base 10.
-1554010
Convert 12212133 (base 4) to base 8.
64637
Convert a7372 (base 11) to base 4.
212020021
-101212111021 (base 3) to base 16
-343c3
What is 605162 (base 9) in base 4?
1113122330
What is -682152 (base 9) in base 6?
-12430332
What is -3213003233 (base 4) in base 11?
-597068
Convert 202002222201010 (base 3) to base 15.
e11aa6
What is 5c333 (base 14) in base 15?
46ccb
What is -1227 (base 14) in base 2?
-110001100011
What is -1703 (base 14) in base 7?
-15003
What is 22110122222220 (base 3) in base 16?
44ad6b
What is -221021000002012 (base 3) in base 16?
-ccd4f9
What is 116347 (base 13) in base 3?
210000100121
4317272 (base 8) to base 12
47830a
Convert 127576 (base 9) to base 7.
442446
Convert abe3a (base 15) to base 2.
10000101011100010100
217666b (base 12) to base 13
1423940
Convert -37441 (base 15) to base 3.
-22222001121
Convert 203752 (base 10) to base 8.
615750
Convert -2433455 (base 7) to base 4.
-1023323102
Convert -213403 (base 8) to base 3.
-10121222110
Convert 1010000101111111 (base 2) to base 5.
2310333
1746223 (base 9) to base 16
ee2e1
-486919 (base 10) to base 2
-1110110111000000111
317b2 (base 15) to base 2
100110010101000000
What is -10020201202011 (base 3) in base 8?
-6454540
-110001010110101110 (base 2) to base 5
-22432113
-530003200 (base 6) to base 5
-4331113413
Convert 484822 (base 10) to base 14.
c8982
5133 (base 14) to base 15
420b
Convert -4228 (base 14) to base 13.
-5263
Convert 10d1b3c (base 14) to base 7.
125200305
What is -44000601 (base 8) in base 13?
-1c5587b
-6b5fa (base 16) to base 7
-3511136
-b1b82 (base 16) to base 4
-2301232002
Convert -122112332131 (base 4) to base 5.
-3232103403
What is 4e6d80 (base 15) in base 2?
1110011000010011001001
-6262560 (base 8) to base 9
-3116067
1315510 (base 8) to base 13
cb320
Convert 2721a6 (base 14) to base 3.
2112121101110
Convert 1a0a18 (base 11) to base 2.
1001011010111010010
213a0a (base 11) to base 2
1010011011111000100
Convert 23556334 (base 9) to base 13.
24c528a
What is -22032303 (base 4) in base 15?
-c63c
ba90 (base 16) to base 14
13596
What is 14060412 (base 10) in base 13?
2bb3a92
Convert 20201012021010 (base 3) to base 15.
4a6ae0
What is 1663340 (base 7) in base 14?
61457
31073 (base 16) to base 8
610163
2332111113 (base 4) to base 8
2762527
654aa (base 12) to base 13
48b65
What is 181bef (base 16) in base 7?
16300313
What is -14326a4 (base 11) in base 12?
-9a955a
-210201112000 (base 3) to base 14
-b1b6c
7c4a2 (base 15) to base 2
1100000101010010111
Convert 5161532 (base 7) to base 8.
2273045
561ed (base 15) to base 4
1002312133
-1025033 (base 8) to base 10
-272923
-30304412 (base 5) to base 6
-5123141
What is a43904 (base 11) in base 5?
412033120
4616083 (base 9) to base 12
a01710
Convert 3030000 (base 4) to base 7.
53031
What is 738406 (base 13) in base 9?
5068724
-101b9b8 (base 12) to base 9
-5623435
What is 3537ec (base 16) in base 10?
3487724
-7325514 (base 8) to base 10
-1944396
What is 638516 (base 11) in base 12?
41318b
2507234 (base 8) to base 6
22455032
232274 (base 9) to base 3
21002022111
Convert -1aa33a (base 11) to base 13.
-b325c
What is -3a8246 (base 11) in base 8?
-2342767
Convert -22300302023 (base 4) to base 7.
-32660150
43725642 (base 8) to base 4
203322232202
What is 35a437 (base 12) in base 16?
d3eeb
What is -801356 (base 9) in base 2?
-1110011100101000111
-1012221201 (base 3) to base 9
-35851
1110110101110010 (base 2) to base 10
60786
-311130130 (base 4) to base 8
-653434
-121356441 (base 7) to base 6
-430434313
ba72 (base 14) to base 10
32244
Convert -11010120212 (base 3) to base 11.
-56132
What is -34514 (base 8) in base 12?
-85a4
What is -2969212 (base 10) in base 14?
-574108
a2f3e2 (base 16) to base 7
156525613
e16a00 (base 15) to base 14
15c9023
What is -153a83 (base 12) in base 2?
-1010111101101000011
Convert 108478c (base 15) to base 13.
25a6b77
What is 19355 (base 13) in base 8?
137417
Convert 6704 (base 14) to base 4.
10112300
Convert -101222012110 (base 3) to base 15.
-43ea6
Convert 31981 (base 13) to base 3.
11112210001
Convert -1212030 (base 14) to base 6.
-505214134
1221201022221 (base 3) to base 9
1851287
What is -200312343 (base 5) in base 8?
-3012056
Convert 263511 (base 7) to base 15.
e91c
-1110407 (base 8) to base 14
-7b0c7
Convert -3331321 (base 4) to base 13.
-751c
Convert 3226414 (base 8) to base 15.
120cba
-20133302 (base 4) to base 13
-12ac1
Convert -bbb53 (base 15) to base 14.
-11758d
What is -3dc33 (base 14) in base 3?
-21210022102
Convert 248281 (base 10) to base 2.
111100100111011001
1110010001100000 (base 2) to base 13
207c3
282d (base 15) to base 8
20621
Convert -1447a17 (base 12) to base 11.
-23357a1
-304543354 (base 6) to base 15
-6e18a1
-53268b (base 16) to base 13
-118a492
Convert 2660c0 (base 13) to base 11.
583761
-413227 (base 11) to base 15
-d1724
What is 6432066 (base 9) in base 3?
20111002002020
Convert 156165 (base 12) to base 10.
363101
What is b6d210 (base 14) in base 6?
340303154
What is 386036 (base 9) in base 15?
4952c
-1103353 (base 6) to base 16
-d7b5
5341731 (base 11) to base 12
319499a
100001101010001000010001 (base 2) t